6) - 21) + -10?
-27
Calculate (2 - 17) + -11 + (95 - (15 + -25)).
79
Evaluate -8 - (36 + (-37 - -14) + -31).
10
-42 - (2 - 3 - (26 + -74 + 51))
-38
56 - -68 - 122 - (15 + -1)
-12
20 + -52 - -21 - 11 - 72
-94
Calculate (1 + -49 + 58 - (22 + 4)) + -80.
-96
62 - (92 + 7 + -12)
-25
-81 - (-1 - (4 - (18 + -21)))
-73
Evaluate (-21 + 16 - (2 + 1 + (-6 - 2))) + -67.
-67
What is -143 + (-162 - -53) + 114?
-138
What is -1268 + 1039 - (1 + -106)?
-124
What is the value of 11 + -2 + 2 + 16932 + -16907?
36
9 + (11 - (32 + 1)) - (-3 + 64)
-74
Calculate (11 - ((-31 - -16) + (14 - 3))) + 73.
88
What is the value of (1 - (-32 + 21)) + -3 + 23?
32
Evaluate (15 + 25 - 11) + (23 - (5 + 0)).
47
Evaluate 6 + (3 + -4 + -4 - (12 + 2)).
-13
1547 + -1580 + (-14 - 1) - -7
-41
Evaluate -113 + (159 - 54) + -20 + 3 + 3.
-22
What is the value of 10 + (1 - (3 - 2)) + -1921 + 1913 + -58?
-56
(109 + 110 - 106) + -174
-61
What is -1 + -48 + 37 + (4 - 6)?
-14
What is -31 + 2 - (12 - 0 - 26)?
-15
What is the value of -13 - (15 + -20 + -7) - -6?
5
Evaluate -17 + 0 + 3 + (11 + 32 - 36) + 79.
72
Calculate 0 - (45 + -77 - 12).
44
247 + (-12 - 111) - 224
-100
Calculate 1 + (1 - 21) + 27 + 452 + -500.
-40
What is -2 + -18 + -114 + 92 + 113?
71
Calculate (3 - 109) + 267 + -81.
80
What is 0 + -24 + (-5 - -26 - (22 - 22 - -14))?
-17
What is 63 - (0 + -15 + -8 + 5) - 13?
68
What is -4 + (-7 - -51) + (-25 - (14 - 33))?
34
What is the value of -21 + (-8 - -16) - -10 - (-10 - -2)?
5
What is the value of -4 - -3 - 7 - (101 + -168)?
59
(128 - 129) + (56 - 9)
46
Calculate 49 - (5 + (-4 - 3) - 4 - -8 - 2).
49
Evaluate -22 - 1 - (-118 - (-237 + 147)).
5
Calculate (-67 + 61 - 74) + -1.
-81
Evaluate (-3 - -1 - -15) + -3 - (696 + -614).
-72
Calculate 33 + (94 - 102 - (-3 + -2 + 7 + -3)).
26
Calculate (46 - -53) + -62 + 33.
70
Evaluate -9 + -3 - (9 - 11) - (13 + 19 - 19).
-23
Calculate 23 - (21 + -15) - (-6 - -15) - (33 + 1).
-26
0 + -10 - ((-78 - -95) + -1)
-26
Calculate 22 + (-27 - (-91 - -6)).
80
Calculate -15 + (2 - (7 - 45)) - 6.
19
-82 + (11 - (18 - -7)) + 15
-81
(26761 - 26653) + 1 + 0
109
What is the value of 36 - (63 - (15 - -80))?
68
-1 + 143 + (78 + -97 - -10)
133
What is the value of (4 - 23 - (146 - 162)) + 0 + -43?
-46
Evaluate 131 + (-58 - 123) + 107.
57
Evaluate 41 + -65 + -22 + 28 + -38.
-56
(-4 + 11 - -27) + (4 + 7 - -5 - 12)
38
What is the value of (-20 - -57 - 1) + -42 - (53 - (1 + -2))?
-60
Evaluate -7 + 48 - (124 + -47).
-36
What is (-24 - (10 - 47)) + -16 + 4?
1
What is (0 - 1) + 2562 + -2572 + (-53 - (-1 + 2))?
-65
(8 - (-9 - 12)) + 148 + -77
100
What is (-6 - (28 - 11) - -42 - 137) + 23?
-95
-1 - (2 - 1) - (-62 + -2 - (116 - 147))
31
Calculate 19 - (13 - (14 + -16) - 11).
15
What is 10321 + -10346 - (-79 - (-4 - -2))?
52
16 - (-4 - (19 + -55))
-16
101 + (17 - (39 + -34 - (-18 + 3)))
98
What is -13 - 10 - (28 - 61)?
10
(23 - (18 + -47)) + -22
30
What is the value of 33 + (-31 - 9) + 65?
58
Calculate -4 + 4 + -2 - ((-20 - -23) + 41 - -8).
-54
What is 114 + (-120 - (-180 + 107))?
67
Evaluate 0 + 32 - (1 - (-31 - 22)).
-22
What is the value of -109 - -84 - (-14 - 0) - (0 - (3 - 97))?
-105
-6 - (5 - 7) - (133 - (51 - 44))
-130
1 + -10 + 43 + -51 + 10 - 42 - -10
-39
5 - (38 - 30 - (-2 - -11)) - (57 - -15)
-66
Calculate (1355 - 1351) + (-46 - 0).
-42
What is (-7 - 17) + (36 - 8) + 11 - (59 + -2)?
-42
Calculate -17 + 13 - (1 + -12 + (-19 - (28 + 41))).
95
Evaluate (41 - 82) + 1 + -78 - ((10 - 3) + 2).
-127
What is the value of -44 + (142 - -4) + -60?
42
Evaluate -26 + (16 - -83 - -15).
88
92 + 0 + -3664 + 3613
41
Evaluate -145 - -158 - (-1 - -13 - -3).
-2
Evaluate -54 - (-19 - (23 + -22 - 2)).
-36
Calculate 1 + -3 + (-23 - ((0 - 5) + (8 - 9))).
-19
Evaluate -2 + 50 - (13 + -112 + 64).
83
What is (42 + -47 - -119) + -63?
51
What is 6 + 10 + -5 + -1 - (-26 - -6)?
30
What is the value of (-2 - -2) + (-50 - -6 - -40) - 54?
-58
Evaluate 44 + 19 + -97 + -41.
-75
42 - (-10 + 11) - (14 - (4 + -4 - -4))
31
What is the value of 46 + 6 + (-164 - -92)?
-20
What is the value of (13 + -1 - (-16 + 26)) + -48 + -5 + 4?
-47
Evaluate 40 + (123 + -169 - (-36 + 7)).
23
Calculate 161 + -198 - (-23 + -2).
-12
Calculate -1 + (29 - (6 - 5 - 91)).
118
Calculate -19 + (-19 - -18) - (1 - 5) - (17 - 5).
-28
Calculate 7 - (0 + -4 + 5) - (-88 - (-3 - 5)).
86
-1209 + 1197 + -54 + 3
-63
What is the value of (40 - (-47 - -90)) + 3 + -2 - (-20 - 1)?
19
What is -51 - (8 + -36 + -71)?
48
Calculate -5 + 4 + (-8 - -6) + -26 + -18 - 4.
-51
What is the value of (3 - 1) + (-3 + -13 - (60 + -96))?
22
Evaluate 1242 + -1291 + 4 + -1.
-46
Calculate 3 + -84 - ((10 - -1) + (56 - 59)).
-89
Evaluate -17 + -344 + 368 + 18 + -1.
24
What is the value of (50 - -16) + 119 - 137?
48
What is the value of -25 - (-9 + (1 + 2 - -21) - 13)?
-27
Evaluate -48 - (103 + -42 + -173).
64
What is the value of (-3 - (-6 - -6)) + -4 - 52?
-59
Calculate 1638 + -1692 + (4 - -49) - ((-108 - -2) + 1).
104
-71 + 222 + -61 + -43
47
(-11 - -4) + 6 - (-19 + (2 - (3 + 6)))
25
What is the value of -1784 + 1758 + -102 + (3 - 0)?
-125
What is the value of 23 + (45 - 18) - 36?
14
Evaluate 11 - (6 + -48 + 95).
-42
What is the value of (1 + 2 - 56) + (368 - 340)?
-25
What is -4 + 4 - 29 - (750 + -740)?
-39
(12 - ((-3 - -4) + 22)) + 7 + 46
42
(-7 - (3 - 15)) + -94 + 64
-25
Evaluate -9 - (-6 + 9 + -21) - (-17 - -24).
2
Evaluate 14 + 45 + -86 - (-40 + -2).
15
(-128 - -45 - -85) + (-1 + 1 - (2 + -18))
18
Calculate 11 + 0 + -8 + 13 + -3 + 26.
39
What is the value of (29 + 1 + -30 - (7 + -4)) + 1 + 37?
35
What is the value of 32 - ((37 - -9) + -19) - (2 + 0 + 7)?
-4
Evaluate 97 + -3 + (-4569 - -4560).
85
What is the value of 39 + (106 - 218) - (1 + -2 - (-13 + -1))?
-86
Evaluate (-3 - 4) + -3 - (23 - (-20 + 45)).
-8
Evaluate -23 - (-48 - -11 - -85).
-71
Calculate -3 + -11 + 4 + 4 + -9 - -24.
9
What is (474 - 460) + -96 + 5 + -8?
-85
5 + 9 + -10 + 11 + (5 - 14 - -4)
10
Evaluate (5 - (-12 - (-4 - 18)) - 3) + -2 - 48.
-58
Calculate 32 + -2 + (19 + (-6 - 5) - 19) + 11.
30
What is (51 - -3) + -12 + (-2 - -18)?
58
Calculate (-23 + -7 - (-1 - 1)) + (-4 - -15 - 11).
-28
Evaluate 25 + 10 - (10 - -24 - 10).
11
What is the value of (-10 - -5 - -1) + (8 - (5 + -7)) + 25?
31
What is -1 + (-6 - (8 - (8 + (14 - 11)))) + 56?
52
What is the value of -4 - (-85 - -164) - -99?
16
What is the value of 7 + (18 - ((20 - 0) + -18))?
23
What is (-3 - 1) + 1 + 34?
31
-49 - 2 - 0 - (-12 - (13 + -46) - 26)
-46
What is 19 + (1 - -21 - (123 + -97 - -78))?
-63
Evaluate -39 - (-51 - -39) - (21 + 24).
-72
-22041 + 21799 + (105 - 0)
-137
-111 + (-63 - -65 - -82)
-27
4 - 3 - (-7 + (15 - (-29 + 16 + 7)))
-13
Calculate 101 + 29 + (38 - 91) + 0.
77
Evaluate 1 - 8 - (613 - 636) - -18.
34
Calculate -19 + (4 - -1 - 8) - -45.
23
Calculate -25 - ((3 - 2) + (-2 - -12) + -10 + -5).
-21
-40 + 76 - -31 - -20
87
Evaluate 4419 + -4311 + -4 + -232.
-128
Evaluate -52 + 17 + -14 + 50 + -34.
-33
What is -21 + (47 - 22) + (4 - -6) + -5?
9
Evaluate 38 - -16 - (5 - -12).
37
What is the value of 4 - (-13 + -1) - 15 - (3 - 65)?
65
Evaluate (-1501 - -1430) + (-28 - -1).
-98
Calculate -23 + 2 + (64 - 49).
-6
What is 4 + -131 + 11 - (-37 + 59 - 45)?
-93
What is (1 - 1 - 9) + 13 + -97 + 138?
45
Calculate (-9 - (14 + -57)) + -20.
14
What is (1 - 1) + 1448 + -1445 + -7?
-4
Evaluate 219 - 85 - (114 - 18).
38
What is the value of -23 - (-45 - -37) - 23?
-38
What is the value of (27 - 7) + 382 + -391?
11
64 + 1 - (2 + -9 - (-29 + (-4 - -19)))
58
Calculate 245 + -205 - (83 - 13).
-30
What is the value of -3 - (0 - -4 - -3) - (36 - (48 + -21))?
-19
Calculate 56 + -32 - -87 - 43.
68
(-2628 - -2629) + -2 + 11
10
Evaluate -49 + -1 - (-27 + -42 + 51) - 8.
-40
-21 - (-23 + -31 + 22) - (18 - 1)
-6
Evaluate (-94 - -43) + 56 + 3 + -4 + 4.
8
What is -89 + (-1647 - -1616) + 24 + -1?
-97
Evaluate -3 + 36 + 0 + -352 + 406.
87
Calculate 10 - (-12 - (-4 - (-1 + 6))).
13
What is the value of 5 + 0 + (12 + 34 - 6) - 6?
39
Calculate -9 + 7 + 83 + -87.
-6
What is 8115 + -8135 - (-155 + 2)?
133
What is the value of (63 - 9) + (-132 - -157)?
79
-3 + (-2 - -55) - 96
-46
What is the value of -6 - (-27 + (-46 - -109))?
-42
What is the value of 83 + -3 + (-17 - 106) + 112?
69
Evaluate 7 - (-5 + 17 + (22 - 21)).
-6
Evaluate 0 - (-45 + 2 + 10 + 4 + -3).
32
Eval